{"id":316,"date":"2020-10-31T22:28:06","date_gmt":"2020-10-31T22:28:06","guid":{"rendered":"https:\/\/livetvbrasil.com.br\/site\/?post_type=product&#038;p=316"},"modified":"2020-10-31T22:28:06","modified_gmt":"2020-10-31T22:28:06","slug":"3-tabelas","status":"publish","type":"product","link":"https:\/\/livetvbrasil.com.br\/site\/produto\/3-tabelas\/","title":{"rendered":"3 Tabelas"},"content":{"rendered":"<p>Tr\u00eas tabelas para cen\u00e1rios, est\u00fadio de fotografia, filmagens, etc<\/p>\n<p>20 x 30 x 50cm<\/p>\n<p>Espessura 15mm<\/p>\n<p>A caixa tr\u00eas tabelas \u00e9 um acess\u00f3rio quase indispens\u00e1vel nas produ\u00e7\u00f5es de cinema e v\u00eddeo.<\/p>\n<p>Ela \u00e9 fabricada com compensado virola, proporcionando um excelente acabamento,<\/p>\n","protected":false},"excerpt":{"rendered":"<p>Tr\u00eas tabelas para cen\u00e1rios, est\u00fadio de fotografia, filmagens, etc 20 x 30 x 50cm Espessura 15mm A caixa tr\u00eas tabelas \u00e9 um acess\u00f3rio quase indispens\u00e1vel nas produ\u00e7\u00f5es de cinema e v\u00eddeo. Ela \u00e9 fabricada com compensado virola, proporcionando um excelente acabamento,<\/p>\n","protected":false},"featured_media":318,"template":"","meta":[],"yoast_head":"<!-- This site is optimized with the Yoast SEO plugin v15.8 - https:\/\/yoast.com\/wordpress\/plugins\/seo\/ -->\n<meta name=\"robots\" content=\"index, follow, max-snippet:-1, max-image-preview:large, max-video-preview:-1\" \/>\n<link rel=\"canonical\" href=\"https:\/\/livetvbrasil.com.br\/site\/produto\/3-tabelas\/\" \/>\n<meta property=\"og:locale\" content=\"pt_BR\" \/>\n<meta property=\"og:type\" content=\"article\" \/>\n<meta property=\"og:title\" content=\"3 Tabelas - LivetvBrasil Streaming Prossional e Produtora\" \/>\n<meta property=\"og:description\" content=\"Tr\u00eas tabelas para cen\u00e1rios, est\u00fadio de fotografia, filmagens, etc 20 x 30 x 50cm Espessura 15mm A caixa tr\u00eas tabelas \u00e9 um acess\u00f3rio quase indispens\u00e1vel nas produ\u00e7\u00f5es de cinema e v\u00eddeo. Ela \u00e9 fabricada com compensado virola, proporcionando um excelente acabamento,\" \/>\n<meta property=\"og:url\" content=\"https:\/\/livetvbrasil.com.br\/site\/produto\/3-tabelas\/\" \/>\n<meta property=\"og:site_name\" content=\"LivetvBrasil Streaming Prossional e Produtora\" \/>\n<meta property=\"og:image\" content=\"https:\/\/livetvbrasil.com.br\/site\/wp-content\/uploads\/2020\/10\/3ts.png\" \/>\n\t<meta property=\"og:image:width\" content=\"280\" \/>\n\t<meta property=\"og:image:height\" content=\"180\" \/>\n<meta name=\"twitter:card\" content=\"summary_large_image\" \/>\n<script type=\"application\/ld+json\" class=\"yoast-schema-graph\">{\"@context\":\"https:\/\/schema.org\",\"@graph\":[{\"@type\":\"WebSite\",\"@id\":\"https:\/\/livetvbrasil.com.br\/site\/#website\",\"url\":\"https:\/\/livetvbrasil.com.br\/site\/\",\"name\":\"LivetvBrasil Streaming Prossional e Produtora\",\"description\":\"Live Tv Brasil \\u00e9 especializada em streaming para eventos, shows, desfiles, jogos, treinamentos, cultos, feiras, entre outros.\",\"potentialAction\":[{\"@type\":\"SearchAction\",\"target\":\"https:\/\/livetvbrasil.com.br\/site\/?s={search_term_string}\",\"query-input\":\"required name=search_term_string\"}],\"inLanguage\":\"pt-BR\"},{\"@type\":\"ImageObject\",\"@id\":\"https:\/\/livetvbrasil.com.br\/site\/produto\/3-tabelas\/#primaryimage\",\"inLanguage\":\"pt-BR\",\"url\":\"https:\/\/livetvbrasil.com.br\/site\/wp-content\/uploads\/2020\/10\/3ts.png\",\"width\":280,\"height\":180},{\"@type\":\"WebPage\",\"@id\":\"https:\/\/livetvbrasil.com.br\/site\/produto\/3-tabelas\/#webpage\",\"url\":\"https:\/\/livetvbrasil.com.br\/site\/produto\/3-tabelas\/\",\"name\":\"3 Tabelas - LivetvBrasil Streaming Prossional e Produtora\",\"isPartOf\":{\"@id\":\"https:\/\/livetvbrasil.com.br\/site\/#website\"},\"primaryImageOfPage\":{\"@id\":\"https:\/\/livetvbrasil.com.br\/site\/produto\/3-tabelas\/#primaryimage\"},\"datePublished\":\"2020-10-31T22:28:06+00:00\",\"dateModified\":\"2020-10-31T22:28:06+00:00\",\"breadcrumb\":{\"@id\":\"https:\/\/livetvbrasil.com.br\/site\/produto\/3-tabelas\/#breadcrumb\"},\"inLanguage\":\"pt-BR\",\"potentialAction\":[{\"@type\":\"ReadAction\",\"target\":[\"https:\/\/livetvbrasil.com.br\/site\/produto\/3-tabelas\/\"]}]},{\"@type\":\"BreadcrumbList\",\"@id\":\"https:\/\/livetvbrasil.com.br\/site\/produto\/3-tabelas\/#breadcrumb\",\"itemListElement\":[{\"@type\":\"ListItem\",\"position\":1,\"item\":{\"@type\":\"WebPage\",\"@id\":\"https:\/\/livetvbrasil.com.br\/site\/\",\"url\":\"https:\/\/livetvbrasil.com.br\/site\/\",\"name\":\"In\\u00edcio\"}},{\"@type\":\"ListItem\",\"position\":2,\"item\":{\"@type\":\"WebPage\",\"@id\":\"https:\/\/livetvbrasil.com.br\/site\/aluguel\/\",\"url\":\"https:\/\/livetvbrasil.com.br\/site\/aluguel\/\",\"name\":\"aluguel\"}},{\"@type\":\"ListItem\",\"position\":3,\"item\":{\"@type\":\"WebPage\",\"@id\":\"https:\/\/livetvbrasil.com.br\/site\/produto\/3-tabelas\/\",\"url\":\"https:\/\/livetvbrasil.com.br\/site\/produto\/3-tabelas\/\",\"name\":\"3 Tabelas\"}}]}]}<\/script>\n<!-- \/ Yoast SEO plugin. -->","_links":{"self":[{"href":"https:\/\/livetvbrasil.com.br\/site\/wp-json\/wp\/v2\/product\/316"}],"collection":[{"href":"https:\/\/livetvbrasil.com.br\/site\/wp-json\/wp\/v2\/product"}],"about":[{"href":"https:\/\/livetvbrasil.com.br\/site\/wp-json\/wp\/v2\/types\/product"}],"wp:featuredmedia":[{"embeddable":true,"href":"https:\/\/livetvbrasil.com.br\/site\/wp-json\/wp\/v2\/media\/318"}],"wp:attachment":[{"href":"https:\/\/livetvbrasil.com.br\/site\/wp-json\/wp\/v2\/media?parent=316"}],"curies":[{"name":"wp","href":"https:\/\/api.w.org\/{rel}","templated":true}]}}